[INFO] cloning repository https://github.com/justinsacbibit/dmg
[INFO] running `Command { std: "git" "-c" "credential.helper=" "-c" "credential.helper=/workspace/cargo-home/bin/git-credential-null" "clone" "--bare" "https://github.com/justinsacbibit/dmg" "/workspace/cache/git-repos/https%3A%2F%2Fgithub.com%2Fjustinsacbibit%2Fdmg", kill_on_drop: false }`
[INFO] [stderr] Cloning into bare repository '/workspace/cache/git-repos/https%3A%2F%2Fgithub.com%2Fjustinsacbibit%2Fdmg'...
[INFO] running `Command { std: "git" "rev-parse" "HEAD", kill_on_drop: false }`
[INFO] [stdout] 40beb2de97ac5db955206fc1dcd5f68e138e231d
[INFO] checking justinsacbibit/dmg against master#af3c6e733a40e671550e0f0f5aeecaa13772ba56 for pr-74989
[INFO] running `Command { std: "git" "clone" "/workspace/cache/git-repos/https%3A%2F%2Fgithub.com%2Fjustinsacbibit%2Fdmg" "/workspace/builds/worker-1/source", kill_on_drop: false }`
[INFO] [stderr] Cloning into '/workspace/builds/worker-1/source'...
[INFO] [stderr] done.
[INFO] validating manifest of git repo https://github.com/justinsacbibit/dmg on toolchain af3c6e733a40e671550e0f0f5aeecaa13772ba56
[INFO] running `Command { std: "/workspace/cargo-home/bin/cargo" "+af3c6e733a40e671550e0f0f5aeecaa13772ba56" "read-manifest" "--manifest-path" "Cargo.toml", kill_on_drop: false }`
[INFO] started tweaking git repo https://github.com/justinsacbibit/dmg
[INFO] finished tweaking git repo https://github.com/justinsacbibit/dmg
[INFO] tweaked toml for git repo https://github.com/justinsacbibit/dmg written to /workspace/builds/worker-1/source/Cargo.toml
[INFO] crate git repo https://github.com/justinsacbibit/dmg already has a lockfile, it will not be regenerated
[INFO] running `Command { std: "/workspace/cargo-home/bin/cargo" "+af3c6e733a40e671550e0f0f5aeecaa13772ba56" "fetch" "--locked" "--manifest-path" "Cargo.toml", kill_on_drop: false }`
[INFO] [stderr] error: the lock file /workspace/builds/worker-1/source/Cargo.lock needs to be updated but --locked was passed to prevent this
[INFO] [stderr] If you want to try to generate the lock file without accessing the network, use the --offline flag.
[INFO] the lockfile is outdated, regenerating it
[INFO] running `Command { std: "/workspace/cargo-home/bin/cargo" "+af3c6e733a40e671550e0f0f5aeecaa13772ba56" "generate-lockfile" "--manifest-path" "Cargo.toml" "-Zno-index-update", kill_on_drop: false }`
[INFO] running `Command { std: "/workspace/cargo-home/bin/cargo" "+af3c6e733a40e671550e0f0f5aeecaa13772ba56" "fetch" "--locked" "--manifest-path" "Cargo.toml", kill_on_drop: false }`
[INFO] running `Command { std: "docker" "create" "-v" "/var/lib/crater-agent-workspace/builds/worker-1/target:/opt/rustwide/target:rw,Z" "-v" "/var/lib/crater-agent-workspace/builds/worker-1/source:/opt/rustwide/workdir:ro,Z" "-v" "/var/lib/crater-agent-workspace/cargo-home:/opt/rustwide/cargo-home:ro,Z" "-v" "/var/lib/crater-agent-workspace/rustup-home:/opt/rustwide/rustup-home:ro,Z" "-e" "SOURCE_DIR=/opt/rustwide/workdir" "-e" "CARGO_TARGET_DIR=/opt/rustwide/target" "-e" "CARGO_HOME=/opt/rustwide/cargo-home" "-e" "RUSTUP_HOME=/opt/rustwide/rustup-home" "-w" "/opt/rustwide/workdir" "-m" "1610612736" "--user" "0:0" "--network" "none" "rustops/crates-build-env@sha256:d92eaeed33fa75130ca1ee6c8a01d1ffb62bac859dfdfb3450e3e5d1c0146529" "/opt/rustwide/cargo-home/bin/cargo" "+af3c6e733a40e671550e0f0f5aeecaa13772ba56" "metadata" "--no-deps" "--format-version=1", kill_on_drop: false }`
[INFO] [stdout] c69ab38fd30d1708525421fe62293c9f59bcbba4966aa9b75c6bbd90c721b543
[INFO] [stderr] WARNING: Your kernel does not support swap limit capabilities or the cgroup is not mounted. Memory limited without swap.
[INFO] running `Command { std: "docker" "start" "-a" "c69ab38fd30d1708525421fe62293c9f59bcbba4966aa9b75c6bbd90c721b543", kill_on_drop: false }`
[INFO] running `Command { std: "docker" "inspect" "c69ab38fd30d1708525421fe62293c9f59bcbba4966aa9b75c6bbd90c721b543", kill_on_drop: false }`
[INFO] running `Command { std: "docker" "rm" "-f" "c69ab38fd30d1708525421fe62293c9f59bcbba4966aa9b75c6bbd90c721b543", kill_on_drop: false }`
[INFO] [stdout] c69ab38fd30d1708525421fe62293c9f59bcbba4966aa9b75c6bbd90c721b543
[INFO] running `Command { std: "docker" "create" "-v" "/var/lib/crater-agent-workspace/builds/worker-1/target:/opt/rustwide/target:rw,Z" "-v" "/var/lib/crater-agent-workspace/builds/worker-1/source:/opt/rustwide/workdir:ro,Z" "-v" "/var/lib/crater-agent-workspace/cargo-home:/opt/rustwide/cargo-home:ro,Z" "-v" "/var/lib/crater-agent-workspace/rustup-home:/opt/rustwide/rustup-home:ro,Z" "-e" "SOURCE_DIR=/opt/rustwide/workdir" "-e" "CARGO_TARGET_DIR=/opt/rustwide/target" "-e" "CARGO_INCREMENTAL=0" "-e" "RUST_BACKTRACE=full" "-e" "RUSTFLAGS=--cap-lints=forbid" "-e" "CARGO_HOME=/opt/rustwide/cargo-home" "-e" "RUSTUP_HOME=/opt/rustwide/rustup-home" "-w" "/opt/rustwide/workdir" "-m" "1610612736" "--user" "0:0" "--network" "none" "rustops/crates-build-env@sha256:d92eaeed33fa75130ca1ee6c8a01d1ffb62bac859dfdfb3450e3e5d1c0146529" "/opt/rustwide/cargo-home/bin/cargo" "+af3c6e733a40e671550e0f0f5aeecaa13772ba56" "check" "--frozen" "--all" "--all-targets" "--message-format=json", kill_on_drop: false }`
[INFO] [stderr] WARNING: Your kernel does not support swap limit capabilities or the cgroup is not mounted. Memory limited without swap.
[INFO] [stdout] 43e1d7a71151a25161bc5e9aa88a616882e530e0402dcb69c4c24e441555798d
[INFO] running `Command { std: "docker" "start" "-a" "43e1d7a71151a25161bc5e9aa88a616882e530e0402dcb69c4c24e441555798d", kill_on_drop: false }`
[INFO] [stderr]    Compiling libc v0.2.77
[INFO] [stderr]    Compiling log v0.4.11
[INFO] [stderr]    Compiling autocfg v1.0.1
[INFO] [stderr]    Compiling xml-rs v0.8.3
[INFO] [stderr]     Checking cfg-if v0.1.10
[INFO] [stderr]    Compiling proc-macro2 v0.4.30
[INFO] [stderr]    Compiling khronos_api v3.1.0
[INFO] [stderr]    Compiling unicode-xid v0.1.0
[INFO] [stderr]    Compiling bitflags v1.2.1
[INFO] [stderr]     Checking lazy_static v1.4.0
[INFO] [stderr]    Compiling libloading v0.6.3
[INFO] [stderr]    Compiling byteorder v1.3.4
[INFO] [stderr]    Compiling nix v0.14.1
[INFO] [stderr]     Checking slab v0.4.2
[INFO] [stderr]     Checking void v1.0.2
[INFO] [stderr]     Checking lazycell v1.3.0
[INFO] [stderr]    Compiling pkg-config v0.3.18
[INFO] [stderr]    Compiling maybe-uninit v2.0.0
[INFO] [stderr]     Checking same-file v1.0.6
[INFO] [stderr]     Checking downcast-rs v1.2.0
[INFO] [stderr]     Checking scopeguard v1.1.0
[INFO] [stderr]     Checking smallvec v1.4.2
[INFO] [stderr]    Compiling cc v1.0.59
[INFO] [stderr]     Checking xdg v2.2.0
[INFO] [stderr]     Checking instant v0.1.6
[INFO] [stderr]     Checking gimli v0.22.0
[INFO] [stderr]     Checking adler v0.2.3
[INFO] [stderr]     Checking percent-encoding v2.1.0
[INFO] [stderr]     Checking rustc-demangle v0.1.16
[INFO] [stderr]     Checking object v0.20.0
[INFO] [stderr]     Checking fnv v1.0.7
[INFO] [stderr]     Checking takeable-option v0.5.0
[INFO] [stderr]     Checking lock_api v0.3.4
[INFO] [stderr]     Checking walkdir v2.3.1
[INFO] [stderr]    Compiling num-traits v0.2.12
[INFO] [stderr]    Compiling miniz_oxide v0.4.2
[INFO] [stderr]    Compiling memoffset v0.5.5
[INFO] [stderr]     Checking dlib v0.4.2
[INFO] [stderr]    Compiling gl_generator v0.14.0
[INFO] [stderr]     Checking wayland-sys v0.23.6
[INFO] [stderr]    Compiling x11-dl v2.18.5
[INFO] [stderr]     Checking stb_truetype v0.3.1
[INFO] [stderr]    Compiling quote v0.6.13
[INFO] [stderr]    Compiling wayland-scanner v0.23.6
[INFO] [stderr]     Checking iovec v0.1.4
[INFO] [stderr]     Checking net2 v0.2.35
[INFO] [stderr]     Checking memmap v0.7.0
[INFO] [stderr]     Checking parking_lot_core v0.7.2
[INFO] [stderr]     Checking raw-window-handle v0.3.3
[INFO] [stderr]     Checking shared_library v0.1.9
[INFO] [stderr]    Compiling libloading v0.5.2
[INFO] [stderr]     Checking mio v0.6.22
[INFO] [stderr]     Checking osmesa-sys v0.1.2
[INFO] [stderr]     Checking parking_lot v0.10.2
[INFO] [stderr]    Compiling glutin_egl_sys v0.1.5
[INFO] [stderr]    Compiling glutin_glx_sys v0.1.7
[INFO] [stderr]    Compiling glium v0.27.0
[INFO] [stderr]     Checking ordered-float v1.1.0
[INFO] [stderr]     Checking approx v0.3.2
[INFO] [stderr]     Checking line_drawing v0.7.0
[INFO] [stderr]     Checking rusttype v0.8.3
[INFO] [stderr]     Checking mio-extras v2.0.6
[INFO] [stderr]     Checking rusttype v0.7.9
[INFO] [stderr]     Checking andrew v0.2.1
[INFO] [stderr]    Compiling wayland-client v0.23.6
[INFO] [stderr]    Compiling wayland-protocols v0.23.6
[INFO] [stderr]     Checking addr2line v0.13.0
[INFO] [stderr]     Checking backtrace v0.3.50
[INFO] [stderr]     Checking calloop v0.4.4
[INFO] [stderr]     Checking wayland-commons v0.23.6
[INFO] [stderr]     Checking smithay-client-toolkit v0.6.6
[INFO] [stderr]     Checking winit v0.22.2
[INFO] [stderr]     Checking glutin v0.24.1
[INFO] [stderr]     Checking dmg v0.1.0 (/opt/rustwide/workdir)
[INFO] [stdout] error: expected `;` or `{`, found keyword `pub`
[INFO] [stdout]    --> src/gpu.rs:48:5
[INFO] [stdout]     |
[INFO] [stdout] 23  | impl Gpu {
[INFO] [stdout]     |          - while parsing this item list starting here
[INFO] [stdout] ...
[INFO] [stdout] 48  |     pub fn step(&mut self, m_cycles: u32) {
[INFO] [stdout]     |     ^^^ expected `;` or `{`
[INFO] [stdout] ...
[INFO] [stdout] 100 | }
[INFO] [stdout]     | - the item list ends here
[INFO] [stdout] 
[INFO] [stdout] 
[INFO] [stdout] error: expected `;` or `{`, found keyword `pub`
[INFO] [stdout]    --> src/gpu.rs:48:5
[INFO] [stdout]     |
[INFO] [stdout] 23  | impl Gpu {
[INFO] [stdout]     |          - while parsing this item list starting here
[INFO] [stdout] ...
[INFO] [stdout] 48  |     pub fn step(&mut self, m_cycles: u32) {
[INFO] [stdout]     |     ^^^ expected `;` or `{`
[INFO] [stdout] ...
[INFO] [stdout] 100 | }
[INFO] [stdout]     | - the item list ends here
[INFO] [stdout] 
[INFO] [stdout] 
[INFO] [stdout] error[E0432]: unresolved import `glium::DisplayBuild`
[INFO] [stdout]   --> src/gl.rs:11:13
[INFO] [stdout]    |
[INFO] [stdout] 11 |         use glium::DisplayBuild;
[INFO] [stdout]    |             ^^^^^^^^^^^^^^^^^^^ no `DisplayBuild` in the root
[INFO] [stdout] 
[INFO] [stdout] 
[INFO] [stdout] error[E0432]: unresolved import `glium::DisplayBuild`
[INFO] [stdout]   --> src/gl.rs:11:13
[INFO] [stdout]    |
[INFO] [stdout] 11 |         use glium::DisplayBuild;
[INFO] [stdout]    |             ^^^^^^^^^^^^^^^^^^^ no `DisplayBuild` in the root
[INFO] [stdout] 
[INFO] [stdout] 
[INFO] [stdout] error[E0433]: failed to resolve: could not find `Event` in `glutin`
[INFO] [stdout]   --> src/gl.rs:22:36
[INFO] [stdout]    |
[INFO] [stdout] 22 |                     glium::glutin::Event::Closed => return,
[INFO] [stdout]    |                                    ^^^^^ could not find `Event` in `glutin`
[INFO] [stdout] 
[INFO] [stdout] 
[INFO] [stdout] error[E0433]: failed to resolve: could not find `WindowBuilder` in `glutin`
[INFO] [stdout]   --> src/gl.rs:15:38
[INFO] [stdout]    |
[INFO] [stdout] 15 |         let display = glium::glutin::WindowBuilder::new()
[INFO] [stdout]    |                                      ^^^^^^^^^^^^^ not found in `glium::glutin`
[INFO] [stdout]    |
[INFO] [stdout] help: consider importing this struct
[INFO] [stdout]    |
[INFO] [stdout] 3  | use glium::glutin::window::WindowBuilder;
[INFO] [stdout]    |
[INFO] [stdout] 
[INFO] [stdout] 
[INFO] [stdout] warning: unused `#[macro_use]` import
[INFO] [stdout]  --> src/main.rs:1:1
[INFO] [stdout]   |
[INFO] [stdout] 1 | #[macro_use]
[INFO] [stdout]   | ^^^^^^^^^^^^
[INFO] [stdout]   |
[INFO] [stdout]   = note: `#[warn(unused_imports)]` on by default
[INFO] [stdout] 
[INFO] [stdout] 
[INFO] [stdout] warning: unused macro definition
[INFO] [stdout]    --> src/cpu.rs:153:9
[INFO] [stdout]     |
[INFO] [stdout] 153 | /         macro_rules! rrc_hl {
[INFO] [stdout] 154 | |             () => ({
[INFO] [stdout] 155 | |                 hl!(rrc_val)
[INFO] [stdout] 156 | |             })
[INFO] [stdout] 157 | |         }
[INFO] [stdout]     | |_________^
[INFO] [stdout]     |
[INFO] [stdout]     = note: `#[warn(unused_macros)]` on by default
[INFO] [stdout] 
[INFO] [stdout] 
[INFO] [stdout] warning: unused macro definition
[INFO] [stdout]     --> src/cpu.rs:1088:9
[INFO] [stdout]      |
[INFO] [stdout] 1088 | /         macro_rules! ldh_n_a {
[INFO] [stdout] 1089 | |             () => ({
[INFO] [stdout] 1090 | |                 let addr = 0xff00 | self.n(m) as u16;
[INFO] [stdout] 1091 | |                 m.wb(addr, self.r.a);
[INFO] [stdout] 1092 | |                 3
[INFO] [stdout] 1093 | |             })
[INFO] [stdout] 1094 | |         }
[INFO] [stdout]      | |_________^
[INFO] [stdout] 
[INFO] [stdout] 
[INFO] [stdout] warning: use of deprecated function `std::thread::sleep_ms`: replaced by `std::thread::sleep`
[INFO] [stdout]   --> src/gl.rs:29:13
[INFO] [stdout]    |
[INFO] [stdout] 29 |             thread::sleep_ms(10);
[INFO] [stdout]    |             ^^^^^^^^^^^^^^^^
[INFO] [stdout]    |
[INFO] [stdout]    = note: `#[warn(deprecated)]` on by default
[INFO] [stdout] 
[INFO] [stdout] 
[INFO] [stdout] error[E0433]: failed to resolve: could not find `Event` in `glutin`
[INFO] [stdout]   --> src/gl.rs:22:36
[INFO] [stdout]    |
[INFO] [stdout] 22 |                     glium::glutin::Event::Closed => return,
[INFO] [stdout]    |                                    ^^^^^ could not find `Event` in `glutin`
[INFO] [stdout] 
[INFO] [stdout] 
[INFO] [stdout] error[E0433]: failed to resolve: could not find `WindowBuilder` in `glutin`
[INFO] [stdout]   --> src/gl.rs:15:38
[INFO] [stdout]    |
[INFO] [stdout] 15 |         let display = glium::glutin::WindowBuilder::new()
[INFO] [stdout]    |                                      ^^^^^^^^^^^^^ not found in `glium::glutin`
[INFO] [stdout]    |
[INFO] [stdout] help: consider importing this struct
[INFO] [stdout]    |
[INFO] [stdout] 3  | use glium::glutin::window::WindowBuilder;
[INFO] [stdout]    |
[INFO] [stdout] 
[INFO] [stdout] 
[INFO] [stdout] warning: unused `#[macro_use]` import
[INFO] [stdout]  --> src/main.rs:1:1
[INFO] [stdout]   |
[INFO] [stdout] 1 | #[macro_use]
[INFO] [stdout]   | ^^^^^^^^^^^^
[INFO] [stdout]   |
[INFO] [stdout]   = note: `#[warn(unused_imports)]` on by default
[INFO] [stdout] 
[INFO] [stdout] 
[INFO] [stdout] warning: unused macro definition
[INFO] [stdout]    --> src/cpu.rs:153:9
[INFO] [stdout]     |
[INFO] [stdout] 153 | /         macro_rules! rrc_hl {
[INFO] [stdout] 154 | |             () => ({
[INFO] [stdout] 155 | |                 hl!(rrc_val)
[INFO] [stdout] 156 | |             })
[INFO] [stdout] 157 | |         }
[INFO] [stdout]     | |_________^
[INFO] [stdout]     |
[INFO] [stdout]     = note: `#[warn(unused_macros)]` on by default
[INFO] [stdout] 
[INFO] [stdout] 
[INFO] [stdout] warning: unused macro definition
[INFO] [stdout]     --> src/cpu.rs:1088:9
[INFO] [stdout]      |
[INFO] [stdout] 1088 | /         macro_rules! ldh_n_a {
[INFO] [stdout] 1089 | |             () => ({
[INFO] [stdout] 1090 | |                 let addr = 0xff00 | self.n(m) as u16;
[INFO] [stdout] 1091 | |                 m.wb(addr, self.r.a);
[INFO] [stdout] 1092 | |                 3
[INFO] [stdout] 1093 | |             })
[INFO] [stdout] 1094 | |         }
[INFO] [stdout]      | |_________^
[INFO] [stdout] 
[INFO] [stdout] 
[INFO] [stdout] warning: use of deprecated function `std::thread::sleep_ms`: replaced by `std::thread::sleep`
[INFO] [stdout]   --> src/gl.rs:29:13
[INFO] [stdout]    |
[INFO] [stdout] 29 |             thread::sleep_ms(10);
[INFO] [stdout]    |             ^^^^^^^^^^^^^^^^
[INFO] [stdout]    |
[INFO] [stdout]    = note: `#[warn(deprecated)]` on by default
[INFO] [stdout] 
[INFO] [stdout] 
[INFO] [stdout] error[E0599]: no method named `step` found for struct `Gpu` in the current scope
[INFO] [stdout]   --> src/dmg.rs:40:22
[INFO] [stdout]    |
[INFO] [stdout] 40 |             self.gpu.step(m_cycles);
[INFO] [stdout]    |                      ^^^^ method not found in `Gpu`
[INFO] [stdout]    | 
[INFO] [stdout]   ::: src/gpu.rs:11:1
[INFO] [stdout]    |
[INFO] [stdout] 11 | pub struct Gpu {
[INFO] [stdout]    | -------------- method `step` not found for this
[INFO] [stdout] 
[INFO] [stdout] 
[INFO] [stdout] error[E0063]: missing field `vram` in initializer of `Gpu`
[INFO] [stdout]   --> src/gpu.rs:25:9
[INFO] [stdout]    |
[INFO] [stdout] 25 |         Gpu {
[INFO] [stdout]    |         ^^^ missing `vram`
[INFO] [stdout] 
[INFO] [stdout] 
[INFO] [stdout] error: aborting due to 6 previous errors; 4 warnings emitted
[INFO] [stdout] 
[INFO] [stdout] 
[INFO] [stdout] Some errors have detailed explanations: E0063, E0432, E0433, E0599.
[INFO] [stdout] 
[INFO] [stdout] For more information about an error, try `rustc --explain E0063`.
[INFO] [stdout] 
[INFO] [stderr] error: could not compile `dmg`.
[INFO] [stderr] 
[INFO] [stderr] To learn more, run the command again with --verbose.
[INFO] [stderr] warning: build failed, waiting for other jobs to finish...
[INFO] [stdout] error[E0599]: no method named `step` found for struct `Gpu` in the current scope
[INFO] [stdout]   --> src/dmg.rs:40:22
[INFO] [stdout]    |
[INFO] [stdout] 40 |             self.gpu.step(m_cycles);
[INFO] [stdout]    |                      ^^^^ method not found in `Gpu`
[INFO] [stdout]    | 
[INFO] [stdout]   ::: src/gpu.rs:11:1
[INFO] [stdout]    |
[INFO] [stdout] 11 | pub struct Gpu {
[INFO] [stdout]    | -------------- method `step` not found for this
[INFO] [stdout] 
[INFO] [stdout] 
[INFO] [stdout] error[E0063]: missing field `vram` in initializer of `Gpu`
[INFO] [stdout]   --> src/gpu.rs:25:9
[INFO] [stdout]    |
[INFO] [stdout] 25 |         Gpu {
[INFO] [stdout]    |         ^^^ missing `vram`
[INFO] [stdout] 
[INFO] [stdout] 
[INFO] [stdout] error: aborting due to 6 previous errors; 4 warnings emitted
[INFO] [stdout] 
[INFO] [stdout] 
[INFO] [stdout] Some errors have detailed explanations: E0063, E0432, E0433, E0599.
[INFO] [stdout] 
[INFO] [stdout] For more information about an error, try `rustc --explain E0063`.
[INFO] [stdout] 
[INFO] [stderr] error: build failed
[INFO] running `Command { std: "docker" "inspect" "43e1d7a71151a25161bc5e9aa88a616882e530e0402dcb69c4c24e441555798d", kill_on_drop: false }`
[INFO] running `Command { std: "docker" "rm" "-f" "43e1d7a71151a25161bc5e9aa88a616882e530e0402dcb69c4c24e441555798d", kill_on_drop: false }`
[INFO] [stdout] 43e1d7a71151a25161bc5e9aa88a616882e530e0402dcb69c4c24e441555798d
